What are the prime factors of (-56)/6*-3*2?
2, 7
Let z be (8/24)/(2/6). Suppose -2*t - 6*d + 5 = -3*d, -2 = -t - d. Let k = t + z. List the prime factors of k.
2
Let s be 2/(18/14 - 1). Suppose 92 = s*d - 3*d. List the prime factors of d.
23
Suppose -2*l - l + 160 = 4*g, 0 = g + 4*l - 40. Suppose 3*m + g = 5*m. List the prime factors of m.
2, 5
Let v = 11 - 7. Suppose -8*f - 2*q + 48 = -v*f, -6 = 3*q. What are the prime factors of f?
13
Suppose -2*a = -189 + 1119. What are the prime factors of (-3)/(a/114 + 4)?
2, 19
Suppose 0 = -3*n + 7*n - 64. Let a = 2 - 0. What are the prime factors of (n/(-6))/(a/(-6))?
2
Suppose 0 = 4*z + 3*z - 2135. List the prime factors of z.
5, 61
Let q = 7 + -1. Suppose 5*k - k + q = i, -2*i = -4*k - 8. Suppose 2*t + i*g - 19 = 7*g, 0 = -3*g - 3. List the prime factors of t.
7
Let g(c) = 6*c - 2. Let w be g(1). Let x = -33 - -55. Suppose x - w = 3*n. List the prime factors of n.
2, 3
Let h(a) = a**3 - 9*a**2 + a - 4. Let i be h(9). Suppose i*c = 2*c + 69. List the prime factors of c.
23
Let o(v) = -6*v + 1. Suppose -2*g + 1 = 5. What are the prime factors of o(g)?
13
Suppose 679 = 4*r + 63. List the prime factors of r.
2, 7, 11
List the prime factors of ((-1463)/(-57))/((-1)/(-12)).
2, 7, 11
Let a(h) be the first derivative of 0*h**2 + 12*h + 1/3*h**3 + 1. List the prime factors of a(0).
2, 3
What are the prime factors of (-36)/126 - ((-1180)/14 + 1)?
83
Suppose -18*s - 8 = -20*s. What are the prime factors of s?
2
Let c(l) = 2*l**2 + 3. Let w be c(4). Suppose 2 - 16 = -2*v + 4*a, v + a = 4. Suppose 2*z = -v*o + 5*z + w, -o - z = 1. What are the prime factors of o?
2
Let n be (-6)/10 + (-72)/(-20). Suppose -r + 5*p - 20 = 0, -2*r = -4*p + n + 7. Suppose 5*v + y - 37 = 33, 2*v = r*y + 55. What are the prime factors of v?
3, 5
List the prime factors of (-74)/(-4) - 7/(-14).
19
What are the prime factors of (1 - -50)/((-15)/(-10))?
2, 17
Let j = -6 - -14. What are the prime factors of j?
2
Let q be 2 - 0/((-6)/2). Suppose s - q*s = -8. List the prime factors of s.
2
Let i be (2/(-5))/((-8)/40). Suppose -5*b + 9 + 17 = n, 17 = n + i*b. List the prime factors of n.
11
Let a = -66 - -121. List the prime factors of a.
5, 11
Suppose 7 = -2*x - 3. Let a be x/10 - 6/(-4). List the prime factors of (15/(-6))/(a/(-2)).
5
Let b(m) = -12*m - 21. What are the prime factors of b(-5)?
3, 13
Let v = 15 + 1. Let r = -11 + v. List the prime factors of r.
5
Let f(m) = -m - 1. Let a(c) = -c**3 - 7*c**2 + 1. Let z be a(-7). Let u(t) = 12*t**3 - t**2 - 3. Let p(h) = z*u(h) - 2*f(h). What are the prime factors of p(1)?
2, 3
Suppose -3*y - 3*d - 63 = -8*y, 0 = 5*y + 5*d - 55. Let j = -4 + y. List the prime factors of j.
2
Let u be (22 - 0) + (-9 - -8). Suppose 3 = -2*h + u. Suppose -j + 11 = -2*r, 3*j + r = -r + h. List the prime factors of j.
5
Suppose a + 30 = 4*a. Let c be 8/20 - 2/5. Suppose -5*i - 4*s + 32 = c, 4*s - 6 = -3*i + a. What are the prime factors of i?
2
Suppose 18 + 14 = -2*g - 4*s, g = s - 7. Let y be 6*(g/(-4) - 2). Suppose i = 10 - y. List the prime factors of i.
7
Let g = 76 - 8. List the prime factors of g.
2, 17
Suppose 0 = -4*j + 2 + 6. Let q = -1 + j. Let i = q + 5. List the prime factors of i.
2, 3
Let x be 1*(-1*2)/(-2). Let l be (-1)/((-1)/x*1). List the prime factors of (2 - 1)*l*10.
2, 5
Suppose 3 + 3 = -2*n, -5*x = 2*n + 6. Let t = 0 - x. Suppose 3*o + t*o = 2*k - 45, -o + 10 = k. List the prime factors of k.
3, 5
Let c(b) = -7*b. Let p(y) = -2*y**3 - y**2 - y. Let w be p(-1). Let g be (4/12)/(w/(-6)). What are the prime factors of c(g)?
7
Suppose 20*v = 19*v + 117. What are the prime factors of v?
3, 13
Suppose 2*a - 8 = 5*z, 3*z = -2*a + 2*z + 8. Suppose 0 = 4*j + 2*r - a, 4*r = 2*j - 0*r - 12. What are the prime factors of j?
2
Let w be -10*(1 + -2) + -3. Suppose -p + w = -0*p. List the prime factors of p.
7
Let x = -6 - -38. What are the prime factors of x?
2
Suppose 25 + 127 = 5*m - 4*b, 4*b - 44 = -2*m. What are the prime factors of m?
2, 7
Suppose c - 7 = -2*x, 2*c - 6*c - 2*x = -22. Let f = -3 + c. List the prime factors of 8/(-1*(-3 + f)).
2
Suppose -3*f + 363 = 108. What are the prime factors of f?
5, 17
Suppose 4*f + 4*k - 84 = 0, -4*k + 43 = 2*f + 9. List the prime factors of f.
5
Suppose 261 = 3*m + p, -2*p + 48 = -2*m + 230. What are the prime factors of m?
2, 11
Suppose -n + 7*l = 4*l - 22, -5*l - 60 = -4*n. What are the prime factors of n?
2, 5
Suppose 37 = -3*s - 11. Let z be 2/4*(-8)/1. Let a = z - s. What are the prime factors of a?
2, 3
Let m = 169 - 94. List the prime factors of m.
3, 5
Let h(p) = -2*p - 12. Let u be h(-9). Suppose -5*a + 4*f - u = 0, -4*a - 3*f + 19 + 1 = 0. What are the prime factors of a?
2
Let h = -8 - 1. Let y = -4 - h. What are the prime factors of y?
5
Let w(t) = t**3 + 5*t**2 - t - 2. Let j be w(-5). Suppose 7 = -c + j*p + 2*p, 3*c - 5*p + 1 = 0. Suppose 2*h - h - c = 0. List the prime factors of h.
3
Let r = -5 - -5. Suppose r = 3*l - 5*j - 72, 0*l + 22 = l - j. What are the prime factors of l?
19
Let u = 3 - 1. Suppose -u*o = -o - 14. Suppose -14 = -4*h - j - 0, 0 = 2*h - 3*j - o. What are the prime factors of h?
2
Let j = 1 + 4. Suppose j = -4*v + 1. Let i = 5 + v. List the prime factors of i.
2
Let i(t) = t + 37. List the prime factors of i(0).
37
Let u = 88 - 11. List the prime factors of u.
7, 11
Let z(c) = -26*c - 1. Let n be z(-1). Suppose -3*a - 2*a + n = 0. Suppose 18 = a*s - 3*s. List the prime factors of s.
3
Suppose 0 = 5*n - 5, 4*n - 14 = -2*f - 0*f. List the prime factors of f.
5
Let k = 6 - -60. Suppose 2*j + o - 33 = 2*o, -3*o = 5*j - k. List the prime factors of j.
3, 5
Let i(l) be the third derivative of 0*l - 1/20*l**6 - 1/6*l**3 + 1/60*l**5 + 0 + 0*l**4 - 3*l**2. What are the prime factors of i(-1)?
2, 3
Let m be (-7)/(-1) + (-16)/8. Let v = 6 + m. List the prime factors of v.
11
Let q(p) = p - 12. Let u be q(10). Let l be u/8 - 27/(-12). Suppose 0*g + 2*g - 21 = 3*n, -l*n = -6. List the prime factors of g.
3, 5
Let s = -7 + 6. What are the prime factors of 10 + 2 + (-1 - s)?
2, 3
Suppose b = -2, -3 + 5 = -2*j - 3*b. Suppose -43 = -t - j*r, -2*r + 161 = 4*t - 5*r. What are the prime factors of t?
41
Let v = 153 - -3. What are the prime factors of v?
2, 3, 13
Suppose 0*y = -5*y. Let m be 16/2 + y/2. Let i = m - -3. What are the prime factors of i?
11
Suppose -128 - 1104 = -11*b. List the prime factors of b.
2, 7
Let t(s) = 2*s. Let i be t(2). Suppose 12 = i*q - 3*q. What are the prime factors of q?
2, 3
Let i = 146 - -4. What are the prime factors of i?
2, 3, 5
Suppose -2*v + 53 - 5 = 0. Let o = v + -15. List the prime factors of o.
3
Suppose 0 = 5*v - 15 - 5. Suppose 7*x = v*x + 30. What are the prime factors of x?
2, 5
Let u(g) = -g + 26. Let l = -13 + 26. What are the prime factors of u(l)?
13
Let y be -4*(-1)/(-1)*-2. List the prime factors of (-1 + y)*(-1 - -2).
7
Let y = 5 - 1. Suppose 2*m = 6*m - y. List the prime factors of 12 + 0*m/1.
2, 3
Suppose 4*y - 375 - 201 = 0. What are the prime factors of y?
2, 3
Suppose 40 = 5*s - 0. Suppose -3 = -3*w, 4*w - s = -l + 9. List the prime factors of l.
13
Let k(z) be the first derivative of 3*z**4/4 - z**2/2 + 3*z + 3. Let x(t) be the first derivative of k(t). List the prime factors of x(-1).
2
Let o(a) = 41*a**2 - 6*a - 3. Let n(f) = 14*f**2 - 2*f - 1. Let h(q) = -17*n(q) + 6*o(q). What are the prime factors of h(-1)?
3
Suppose 0 = b - 1 + 11. Let j = 24 + b. List the prime factors of j.
2, 7
Let r(a) = 4*a**2 + 4*a + 3. Suppose -3*f - f - 8 = 0. Let o be r(f). Let z = o - 6. List the prime factors of z.
5
Let l = 22 + -19. List the prime factors of l.
3
Let x = -5 + 3. Let n = -7 - x. Let a = 7 + n. List the prime factors of a.
2
Let g(r) = -r**2 - 2*r**3 + 8*r**2 + 3*r**3 - 2 - 3*r. List the prime factors of g(-7).
19
Suppose 6 = 2*w - 2. Suppose w*k - 37 = 35. What are the prime factors of k?
2, 3
Let m be 10 + (-4)/(4/3). Let z = m + -5. Suppose -z + 32 = 2*h. What are the prime factors of h?
3, 5
Let b be -1*(-4 + 2 + -1). Suppose 0 = 4*h - b*d + 60, -2*h - 2*d = 2*d + 8. List the prime factors of ((-9)/h - 0)*8.
2, 3
Let u be (-3 + 4)*9*2. Suppose -2*f + 4*f = u. List the prime factors of f.
3
Let h(n) = n**2 + 11*n + 15. Let w be h(-10). Suppose 33 = d + d - b, -60 = -w*d - 2*b. List t